{"id":500,"date":"2025-02-23T22:41:36","date_gmt":"2025-02-23T21:41:36","guid":{"rendered":"https:\/\/infoquartiernord.be\/acteur\/asbl-cite-modele\/"},"modified":"2025-03-09T20:51:27","modified_gmt":"2025-03-09T19:51:27","slug":"asbl-cite-modele","status":"publish","type":"acteur","link":"https:\/\/infoquartiernord.be\/nl\/acteur\/asbl-cite-modele\/","title":{"rendered":"ASBL Cit\u00e9 Mod\u00e8le"},"content":{"rendered":"\n<p>Sociale dienst van het Foyer Laekenois, de vzw Cit\u00e9 Mod\u00e8le werd opgericht in 1998. Via een autonome structuur is ons doel de sociale begeleiding van de huurders en kandidaat-huurders van het Foyer Laekenois. <\/p>\n\n\n\n<p>Wij zijn georganiseerd in twee pijlers: <\/p>\n\n\n\n<h2 class=\"wp-block-heading\">De individuele afdeling: <\/h2>\n\n\n\n<p>De kandidaten-huurders begeleiden bij hun inschrijvingsprocedures (informatie over het inschrijvingsproces, hulp bij het invullen van het formulier \u2026). De huurders begeleiden bij hun sociale stappen die specifiek verband houden met hun woning.<\/p>\n\n\n\n<h2 class=\"wp-block-heading\">De collectieve afdeling: <\/h2>\n\n\n\n<p>Verbeteren en bevorderen van samenleven. <\/p>\n\n\n\n<ul class=\"wp-block-list\">\n<li>Door huurders te begeleiden en te mobiliseren voor de uitvoering van collectieve projecten. <\/li>\n\n\n\n<li>Door (mee) het organiseren van participatieve en inclusieve evenementen. <\/li>\n\n\n\n<li>Door het cre\u00ebren van uitwisselingsruimtes. De collectieve afdeling bestaat uit 3 projectleiders. Zij voeren projecten uit in samenwerking met de bewoners van het Foyer Laekenois en de lokale verenigingspartners.<\/li>\n<\/ul>\n","protected":false},"featured_media":297,"template":"","meta":{"_acf_changed":true},"catactors":[24,25],"class_list":["post-500","acteur","type-acteur","status-publish","has-post-thumbnail","hentry","catactors-sociaal","catactors-activiteiten"],"acf":[],"yoast_head":"<!-- This site is optimized with the Yoast SEO plugin v26.7 - https:\/\/yoast.com\/wordpress\/plugins\/seo\/ -->\n<title>ASBL Cit\u00e9 Mod\u00e8le - Info quartier Nord<\/title>\n<meta name=\"robots\" content=\"index, follow, max-snippet:-1, max-image-preview:large, max-video-preview:-1\" \/>\n<link rel=\"canonical\" href=\"https:\/\/infoquartiernord.be\/nl\/acteur\/asbl-cite-modele\/\" \/>\n<meta property=\"og:locale\" content=\"nl_NL\" \/>\n<meta property=\"og:type\" content=\"article\" \/>\n<meta property=\"og:title\" content=\"ASBL Cit\u00e9 Mod\u00e8le - Info quartier Nord\" \/>\n<meta property=\"og:description\" content=\"Sociale dienst van het Foyer Laekenois, de vzw Cit\u00e9 Mod\u00e8le werd opgericht in 1998. Via [&hellip;]\" \/>\n<meta property=\"og:url\" content=\"https:\/\/infoquartiernord.be\/nl\/acteur\/asbl-cite-modele\/\" \/>\n<meta property=\"og:site_name\" content=\"Info quartier Nord\" \/>\n<meta property=\"article:modified_time\" content=\"2025-03-09T19:51:27+00:00\" \/>\n<meta property=\"og:image\" content=\"https:\/\/infoquartiernord.be\/wp-content\/uploads\/2025\/02\/Logo-asbl-cm-Arnaud-Vp.jpg\" \/>\n\t<meta property=\"og:image:width\" content=\"2362\" \/>\n\t<meta property=\"og:image:height\" content=\"663\" \/>\n\t<meta property=\"og:image:type\" content=\"image\/jpeg\" \/>\n<meta name=\"twitter:card\" content=\"summary_large_image\" \/>\n<meta name=\"twitter:label1\" content=\"Geschatte leestijd\" \/>\n\t<meta name=\"twitter:data1\" content=\"1 minuut\" \/>\n<script type=\"application\/ld+json\" class=\"yoast-schema-graph\">{\"@context\":\"https:\/\/schema.org\",\"@graph\":[{\"@type\":\"WebPage\",\"@id\":\"https:\/\/infoquartiernord.be\/nl\/acteur\/asbl-cite-modele\/\",\"url\":\"https:\/\/infoquartiernord.be\/nl\/acteur\/asbl-cite-modele\/\",\"name\":\"ASBL Cit\u00e9 Mod\u00e8le - Info quartier Nord\",\"isPartOf\":{\"@id\":\"https:\/\/infoquartiernord.be\/nl\/#website\"},\"primaryImageOfPage\":{\"@id\":\"https:\/\/infoquartiernord.be\/nl\/acteur\/asbl-cite-modele\/#primaryimage\"},\"image\":{\"@id\":\"https:\/\/infoquartiernord.be\/nl\/acteur\/asbl-cite-modele\/#primaryimage\"},\"thumbnailUrl\":\"https:\/\/infoquartiernord.be\/wp-content\/uploads\/2025\/02\/Logo-asbl-cm-Arnaud-Vp.jpg\",\"datePublished\":\"2025-02-23T21:41:36+00:00\",\"dateModified\":\"2025-03-09T19:51:27+00:00\",\"breadcrumb\":{\"@id\":\"https:\/\/infoquartiernord.be\/nl\/acteur\/asbl-cite-modele\/#breadcrumb\"},\"inLanguage\":\"nl-NL\",\"potentialAction\":[{\"@type\":\"ReadAction\",\"target\":[\"https:\/\/infoquartiernord.be\/nl\/acteur\/asbl-cite-modele\/\"]}]},{\"@type\":\"ImageObject\",\"inLanguage\":\"nl-NL\",\"@id\":\"https:\/\/infoquartiernord.be\/nl\/acteur\/asbl-cite-modele\/#primaryimage\",\"url\":\"https:\/\/infoquartiernord.be\/wp-content\/uploads\/2025\/02\/Logo-asbl-cm-Arnaud-Vp.jpg\",\"contentUrl\":\"https:\/\/infoquartiernord.be\/wp-content\/uploads\/2025\/02\/Logo-asbl-cm-Arnaud-Vp.jpg\",\"width\":2362,\"height\":663},{\"@type\":\"BreadcrumbList\",\"@id\":\"https:\/\/infoquartiernord.be\/nl\/acteur\/asbl-cite-modele\/#breadcrumb\",\"itemListElement\":[{\"@type\":\"ListItem\",\"position\":1,\"name\":\"Accueil\",\"item\":\"https:\/\/infoquartiernord.be\/nl\/\"},{\"@type\":\"ListItem\",\"position\":2,\"name\":\"ASBL Cit\u00e9 Mod\u00e8le\"}]},{\"@type\":\"WebSite\",\"@id\":\"https:\/\/infoquartiernord.be\/nl\/#website\",\"url\":\"https:\/\/infoquartiernord.be\/nl\/\",\"name\":\"Info Quartier Nord\",\"description\":\"\",\"publisher\":{\"@id\":\"https:\/\/infoquartiernord.be\/nl\/#organization\"},\"alternateName\":\"Coordination Sociale Nord\",\"potentialAction\":[{\"@type\":\"SearchAction\",\"target\":{\"@type\":\"EntryPoint\",\"urlTemplate\":\"https:\/\/infoquartiernord.be\/nl\/?s={search_term_string}\"},\"query-input\":{\"@type\":\"PropertyValueSpecification\",\"valueRequired\":true,\"valueName\":\"search_term_string\"}}],\"inLanguage\":\"nl-NL\"},{\"@type\":\"Organization\",\"@id\":\"https:\/\/infoquartiernord.be\/nl\/#organization\",\"name\":\"Info Quartier Nord\",\"alternateName\":\"Coordination Sociale Nord\",\"url\":\"https:\/\/infoquartiernord.be\/nl\/\",\"logo\":{\"@type\":\"ImageObject\",\"inLanguage\":\"nl-NL\",\"@id\":\"https:\/\/infoquartiernord.be\/nl\/#\/schema\/logo\/image\/\",\"url\":\"https:\/\/infoquartiernord.be\/wp-content\/uploads\/2025\/04\/LOGO_CSN_InfoQuartierNord.png\",\"contentUrl\":\"https:\/\/infoquartiernord.be\/wp-content\/uploads\/2025\/04\/LOGO_CSN_InfoQuartierNord.png\",\"width\":2953,\"height\":1087,\"caption\":\"Info Quartier Nord\"},\"image\":{\"@id\":\"https:\/\/infoquartiernord.be\/nl\/#\/schema\/logo\/image\/\"}}]}<\/script>\n<!-- \/ Yoast SEO plugin. -->","yoast_head_json":{"title":"ASBL Cit\u00e9 Mod\u00e8le - Info quartier Nord","robots":{"index":"index","follow":"follow","max-snippet":"max-snippet:-1","max-image-preview":"max-image-preview:large","max-video-preview":"max-video-preview:-1"},"canonical":"https:\/\/infoquartiernord.be\/nl\/acteur\/asbl-cite-modele\/","og_locale":"nl_NL","og_type":"article","og_title":"ASBL Cit\u00e9 Mod\u00e8le - Info quartier Nord","og_description":"Sociale dienst van het Foyer Laekenois, de vzw Cit\u00e9 Mod\u00e8le werd opgericht in 1998. Via [&hellip;]","og_url":"https:\/\/infoquartiernord.be\/nl\/acteur\/asbl-cite-modele\/","og_site_name":"Info quartier Nord","article_modified_time":"2025-03-09T19:51:27+00:00","og_image":[{"width":2362,"height":663,"url":"https:\/\/infoquartiernord.be\/wp-content\/uploads\/2025\/02\/Logo-asbl-cm-Arnaud-Vp.jpg","type":"image\/jpeg"}],"twitter_card":"summary_large_image","twitter_misc":{"Geschatte leestijd":"1 minuut"},"schema":{"@context":"https:\/\/schema.org","@graph":[{"@type":"WebPage","@id":"https:\/\/infoquartiernord.be\/nl\/acteur\/asbl-cite-modele\/","url":"https:\/\/infoquartiernord.be\/nl\/acteur\/asbl-cite-modele\/","name":"ASBL Cit\u00e9 Mod\u00e8le - Info quartier Nord","isPartOf":{"@id":"https:\/\/infoquartiernord.be\/nl\/#website"},"primaryImageOfPage":{"@id":"https:\/\/infoquartiernord.be\/nl\/acteur\/asbl-cite-modele\/#primaryimage"},"image":{"@id":"https:\/\/infoquartiernord.be\/nl\/acteur\/asbl-cite-modele\/#primaryimage"},"thumbnailUrl":"https:\/\/infoquartiernord.be\/wp-content\/uploads\/2025\/02\/Logo-asbl-cm-Arnaud-Vp.jpg","datePublished":"2025-02-23T21:41:36+00:00","dateModified":"2025-03-09T19:51:27+00:00","breadcrumb":{"@id":"https:\/\/infoquartiernord.be\/nl\/acteur\/asbl-cite-modele\/#breadcrumb"},"inLanguage":"nl-NL","potentialAction":[{"@type":"ReadAction","target":["https:\/\/infoquartiernord.be\/nl\/acteur\/asbl-cite-modele\/"]}]},{"@type":"ImageObject","inLanguage":"nl-NL","@id":"https:\/\/infoquartiernord.be\/nl\/acteur\/asbl-cite-modele\/#primaryimage","url":"https:\/\/infoquartiernord.be\/wp-content\/uploads\/2025\/02\/Logo-asbl-cm-Arnaud-Vp.jpg","contentUrl":"https:\/\/infoquartiernord.be\/wp-content\/uploads\/2025\/02\/Logo-asbl-cm-Arnaud-Vp.jpg","width":2362,"height":663},{"@type":"BreadcrumbList","@id":"https:\/\/infoquartiernord.be\/nl\/acteur\/asbl-cite-modele\/#breadcrumb","itemListElement":[{"@type":"ListItem","position":1,"name":"Accueil","item":"https:\/\/infoquartiernord.be\/nl\/"},{"@type":"ListItem","position":2,"name":"ASBL Cit\u00e9 Mod\u00e8le"}]},{"@type":"WebSite","@id":"https:\/\/infoquartiernord.be\/nl\/#website","url":"https:\/\/infoquartiernord.be\/nl\/","name":"Info Quartier Nord","description":"","publisher":{"@id":"https:\/\/infoquartiernord.be\/nl\/#organization"},"alternateName":"Coordination Sociale Nord","potentialAction":[{"@type":"SearchAction","target":{"@type":"EntryPoint","urlTemplate":"https:\/\/infoquartiernord.be\/nl\/?s={search_term_string}"},"query-input":{"@type":"PropertyValueSpecification","valueRequired":true,"valueName":"search_term_string"}}],"inLanguage":"nl-NL"},{"@type":"Organization","@id":"https:\/\/infoquartiernord.be\/nl\/#organization","name":"Info Quartier Nord","alternateName":"Coordination Sociale Nord","url":"https:\/\/infoquartiernord.be\/nl\/","logo":{"@type":"ImageObject","inLanguage":"nl-NL","@id":"https:\/\/infoquartiernord.be\/nl\/#\/schema\/logo\/image\/","url":"https:\/\/infoquartiernord.be\/wp-content\/uploads\/2025\/04\/LOGO_CSN_InfoQuartierNord.png","contentUrl":"https:\/\/infoquartiernord.be\/wp-content\/uploads\/2025\/04\/LOGO_CSN_InfoQuartierNord.png","width":2953,"height":1087,"caption":"Info Quartier Nord"},"image":{"@id":"https:\/\/infoquartiernord.be\/nl\/#\/schema\/logo\/image\/"}}]}},"_links":{"self":[{"href":"https:\/\/infoquartiernord.be\/nl\/wp-json\/wp\/v2\/acteur\/500","targetHints":{"allow":["GET"]}}],"collection":[{"href":"https:\/\/infoquartiernord.be\/nl\/wp-json\/wp\/v2\/acteur"}],"about":[{"href":"https:\/\/infoquartiernord.be\/nl\/wp-json\/wp\/v2\/types\/acteur"}],"wp:featuredmedia":[{"embeddable":true,"href":"https:\/\/infoquartiernord.be\/nl\/wp-json\/wp\/v2\/media\/297"}],"wp:attachment":[{"href":"https:\/\/infoquartiernord.be\/nl\/wp-json\/wp\/v2\/media?parent=500"}],"wp:term":[{"taxonomy":"catactors","embeddable":true,"href":"https:\/\/infoquartiernord.be\/nl\/wp-json\/wp\/v2\/catactors?post=500"}],"curies":[{"name":"wp","href":"https:\/\/api.w.org\/{rel}","templated":true}]}}

ASBL Cité Modèle

<p>Sociale dienst van het Foyer Laekenois, de vzw Cité Modèle werd opgericht in 1998. Via een autonome structuur is ons doel de sociale begeleiding van de huurders en kandidaat-huurders van het Foyer Laekenois. </p>



<p>Wij zijn georganiseerd in twee pijlers: </p>



<h2 class="wp-block-heading">De individuele afdeling: </h2>



<p>De kandidaten-huurders begeleiden bij hun inschrijvingsprocedures (informatie over het inschrijvingsproces, hulp bij het invullen van het formulier …). De huurders begeleiden bij hun sociale stappen die specifiek verband houden met hun woning.</p>



<h2 class="wp-block-heading">De collectieve afdeling: </h2>



<p>Verbeteren en bevorderen van samenleven. </p>



<ul class="wp-block-list">
<li>Door huurders te begeleiden en te mobiliseren voor de uitvoering van collectieve projecten. </li>



<li>Door (mee) het organiseren van participatieve en inclusieve evenementen. </li>



<li>Door het creëren van uitwisselingsruimtes. De collectieve afdeling bestaat uit 3 projectleiders. Zij voeren projecten uit in samenwerking met de bewoners van het Foyer Laekenois en de lokale verenigingspartners.</li>
</ul>

<!-- This site is optimized with the Yoast SEO plugin v26.7 - https://yoast.com/wordpress/plugins/seo/ -->
<title>ASBL Cité Modèle - Info quartier Nord</title>
<meta name="robots" content="index, follow, max-snippet:-1, max-image-preview:large, max-video-preview:-1" />
<link rel="canonical" href="https://infoquartiernord.be/nl/acteur/asbl-cite-modele/" />
<meta property="og:locale" content="nl_NL" />
<meta property="og:type" content="article" />
<meta property="og:title" content="ASBL Cité Modèle - Info quartier Nord" />
<meta property="og:description" content="Sociale dienst van het Foyer Laekenois, de vzw Cité Modèle werd opgericht in 1998. Via [&hellip;]" />
<meta property="og:url" content="https://infoquartiernord.be/nl/acteur/asbl-cite-modele/" />
<meta property="og:site_name" content="Info quartier Nord" />
<meta property="article:modified_time" content="2025-03-09T19:51:27+00:00" />
<meta property="og:image" content="https://infoquartiernord.be/wp-content/uploads/2025/02/Logo-asbl-cm-Arnaud-Vp.jpg" />
	<meta property="og:image:width" content="2362" />
	<meta property="og:image:height" content="663" />
	<meta property="og:image:type" content="image/jpeg" />
<meta name="twitter:card" content="summary_large_image" />
<meta name="twitter:label1" content="Geschatte leestijd" />
	<meta name="twitter:data1" content="1 minuut" />
<script type="application/ld+json" class="yoast-schema-graph">{"@context":"https://schema.org","@graph":[{"@type":"WebPage","@id":"https://infoquartiernord.be/nl/acteur/asbl-cite-modele/","url":"https://infoquartiernord.be/nl/acteur/asbl-cite-modele/","name":"ASBL Cité Modèle - Info quartier Nord","isPartOf":{"@id":"https://infoquartiernord.be/nl/#website"},"primaryImageOfPage":{"@id":"https://infoquartiernord.be/nl/acteur/asbl-cite-modele/#primaryimage"},"image":{"@id":"https://infoquartiernord.be/nl/acteur/asbl-cite-modele/#primaryimage"},"thumbnailUrl":"https://infoquartiernord.be/wp-content/uploads/2025/02/Logo-asbl-cm-Arnaud-Vp.jpg","datePublished":"2025-02-23T21:41:36+00:00","dateModified":"2025-03-09T19:51:27+00:00","breadcrumb":{"@id":"https://infoquartiernord.be/nl/acteur/asbl-cite-modele/#breadcrumb"},"inLanguage":"nl-NL","potentialAction":[{"@type":"ReadAction","target":["https://infoquartiernord.be/nl/acteur/asbl-cite-modele/"]}]},{"@type":"ImageObject","inLanguage":"nl-NL","@id":"https://infoquartiernord.be/nl/acteur/asbl-cite-modele/#primaryimage","url":"https://infoquartiernord.be/wp-content/uploads/2025/02/Logo-asbl-cm-Arnaud-Vp.jpg","contentUrl":"https://infoquartiernord.be/wp-content/uploads/2025/02/Logo-asbl-cm-Arnaud-Vp.jpg","width":2362,"height":663},{"@type":"BreadcrumbList","@id":"https://infoquartiernord.be/nl/acteur/asbl-cite-modele/#breadcrumb","itemListElement":[{"@type":"ListItem","position":1,"name":"Accueil","item":"https://infoquartiernord.be/nl/"},{"@type":"ListItem","position":2,"name":"ASBL Cité Modèle"}]},{"@type":"WebSite","@id":"https://infoquartiernord.be/nl/#website","url":"https://infoquartiernord.be/nl/","name":"Info Quartier Nord","description":"","publisher":{"@id":"https://infoquartiernord.be/nl/#organization"},"alternateName":"Coordination Sociale Nord","potentialAction":[{"@type":"SearchAction","target":{"@type":"EntryPoint","urlTemplate":"https://infoquartiernord.be/nl/?s={search_term_string}"},"query-input":{"@type":"PropertyValueSpecification","valueRequired":true,"valueName":"search_term_string"}}],"inLanguage":"nl-NL"},{"@type":"Organization","@id":"https://infoquartiernord.be/nl/#organization","name":"Info Quartier Nord","alternateName":"Coordination Sociale Nord","url":"https://infoquartiernord.be/nl/","logo":{"@type":"ImageObject","inLanguage":"nl-NL","@id":"https://infoquartiernord.be/nl/#/schema/logo/image/","url":"https://infoquartiernord.be/wp-content/uploads/2025/04/LOGO_CSN_InfoQuartierNord.png","contentUrl":"https://infoquartiernord.be/wp-content/uploads/2025/04/LOGO_CSN_InfoQuartierNord.png","width":2953,"height":1087,"caption":"Info Quartier Nord"},"image":{"@id":"https://infoquartiernord.be/nl/#/schema/logo/image/"}}]}</script>
<!-- / Yoast SEO plugin. -->

ASBL Cité Modèle - Info quartier Nord

Sociale dienst van het Foyer Laekenois, de vzw Cité Modèle werd opgericht in 1998. Via [&hellip;]
