{"id":507,"date":"2025-02-24T20:35:01","date_gmt":"2025-02-24T19:35:01","guid":{"rendered":"https:\/\/infoquartiernord.be\/acteur\/jeunesse-a-bruxelles\/"},"modified":"2025-03-09T21:02:54","modified_gmt":"2025-03-09T20:02:54","slug":"jeunesse-a-bruxelles","status":"publish","type":"acteur","link":"https:\/\/infoquartiernord.be\/nl\/acteur\/jeunesse-a-bruxelles\/","title":{"rendered":"Jeunesse \u00e0 Bruxelles"},"content":{"rendered":"\n<p>Jeunesse \u00e0 Bruxelles is een paracommunale die kampen, stages en vakanties biedt. Ze herbergt ook de co\u00f6rdinaties ATL, Centrum Carter evenals de co\u00f6rdinatie van de sociale cohesieprojecten van de Stad Brussel (Cocof\/volet local).<\/p>\n","protected":false},"featured_media":944,"template":"","meta":{"_acf_changed":true},"catactors":[20,24],"class_list":["post-507","acteur","type-acteur","status-publish","has-post-thumbnail","hentry","catactors-jeugd","catactors-sociaal"],"acf":[],"yoast_head":"<!-- This site is optimized with the Yoast SEO plugin v26.7 - https:\/\/yoast.com\/wordpress\/plugins\/seo\/ -->\n<title>Jeunesse \u00e0 Bruxelles - Info quartier Nord<\/title>\n<meta name=\"robots\" content=\"index, follow, max-snippet:-1, max-image-preview:large, max-video-preview:-1\" \/>\n<link rel=\"canonical\" href=\"https:\/\/infoquartiernord.be\/nl\/acteur\/jeunesse-a-bruxelles\/\" \/>\n<meta property=\"og:locale\" content=\"nl_NL\" \/>\n<meta property=\"og:type\" content=\"article\" \/>\n<meta property=\"og:title\" content=\"Jeunesse \u00e0 Bruxelles - Info quartier Nord\" \/>\n<meta property=\"og:description\" content=\"Jeunesse \u00e0 Bruxelles is een paracommunale die kampen, stages en vakanties biedt. Ze herbergt ook [&hellip;]\" \/>\n<meta property=\"og:url\" content=\"https:\/\/infoquartiernord.be\/nl\/acteur\/jeunesse-a-bruxelles\/\" \/>\n<meta property=\"og:site_name\" content=\"Info quartier Nord\" \/>\n<meta property=\"article:modified_time\" content=\"2025-03-09T20:02:54+00:00\" \/>\n<meta property=\"og:image\" content=\"https:\/\/infoquartiernord.be\/wp-content\/uploads\/2025\/04\/banner-quartier_info-quartier-nord-SEO.png\" \/>\n\t<meta property=\"og:image:width\" content=\"2500\" \/>\n\t<meta property=\"og:image:height\" content=\"1407\" \/>\n\t<meta property=\"og:image:type\" content=\"image\/png\" \/>\n<meta name=\"twitter:card\" content=\"summary_large_image\" \/>\n<meta name=\"twitter:label1\" content=\"Geschatte leestijd\" \/>\n\t<meta name=\"twitter:data1\" content=\"1 minuut\" \/>\n<script type=\"application\/ld+json\" class=\"yoast-schema-graph\">{\"@context\":\"https:\/\/schema.org\",\"@graph\":[{\"@type\":\"WebPage\",\"@id\":\"https:\/\/infoquartiernord.be\/nl\/acteur\/jeunesse-a-bruxelles\/\",\"url\":\"https:\/\/infoquartiernord.be\/nl\/acteur\/jeunesse-a-bruxelles\/\",\"name\":\"Jeunesse \u00e0 Bruxelles - Info quartier Nord\",\"isPartOf\":{\"@id\":\"https:\/\/infoquartiernord.be\/nl\/#website\"},\"primaryImageOfPage\":{\"@id\":\"https:\/\/infoquartiernord.be\/nl\/acteur\/jeunesse-a-bruxelles\/#primaryimage\"},\"image\":{\"@id\":\"https:\/\/infoquartiernord.be\/nl\/acteur\/jeunesse-a-bruxelles\/#primaryimage\"},\"thumbnailUrl\":\"https:\/\/infoquartiernord.be\/wp-content\/uploads\/2025\/02\/Capture3.png\",\"datePublished\":\"2025-02-24T19:35:01+00:00\",\"dateModified\":\"2025-03-09T20:02:54+00:00\",\"breadcrumb\":{\"@id\":\"https:\/\/infoquartiernord.be\/nl\/acteur\/jeunesse-a-bruxelles\/#breadcrumb\"},\"inLanguage\":\"nl-NL\",\"potentialAction\":[{\"@type\":\"ReadAction\",\"target\":[\"https:\/\/infoquartiernord.be\/nl\/acteur\/jeunesse-a-bruxelles\/\"]}]},{\"@type\":\"ImageObject\",\"inLanguage\":\"nl-NL\",\"@id\":\"https:\/\/infoquartiernord.be\/nl\/acteur\/jeunesse-a-bruxelles\/#primaryimage\",\"url\":\"https:\/\/infoquartiernord.be\/wp-content\/uploads\/2025\/02\/Capture3.png\",\"contentUrl\":\"https:\/\/infoquartiernord.be\/wp-content\/uploads\/2025\/02\/Capture3.png\",\"width\":154,\"height\":226},{\"@type\":\"BreadcrumbList\",\"@id\":\"https:\/\/infoquartiernord.be\/nl\/acteur\/jeunesse-a-bruxelles\/#breadcrumb\",\"itemListElement\":[{\"@type\":\"ListItem\",\"position\":1,\"name\":\"Accueil\",\"item\":\"https:\/\/infoquartiernord.be\/nl\/\"},{\"@type\":\"ListItem\",\"position\":2,\"name\":\"Jeunesse \u00e0 Bruxelles\"}]},{\"@type\":\"WebSite\",\"@id\":\"https:\/\/infoquartiernord.be\/nl\/#website\",\"url\":\"https:\/\/infoquartiernord.be\/nl\/\",\"name\":\"Info Quartier Nord\",\"description\":\"\",\"publisher\":{\"@id\":\"https:\/\/infoquartiernord.be\/nl\/#organization\"},\"alternateName\":\"Coordination Sociale Nord\",\"potentialAction\":[{\"@type\":\"SearchAction\",\"target\":{\"@type\":\"EntryPoint\",\"urlTemplate\":\"https:\/\/infoquartiernord.be\/nl\/?s={search_term_string}\"},\"query-input\":{\"@type\":\"PropertyValueSpecification\",\"valueRequired\":true,\"valueName\":\"search_term_string\"}}],\"inLanguage\":\"nl-NL\"},{\"@type\":\"Organization\",\"@id\":\"https:\/\/infoquartiernord.be\/nl\/#organization\",\"name\":\"Info Quartier Nord\",\"alternateName\":\"Coordination Sociale Nord\",\"url\":\"https:\/\/infoquartiernord.be\/nl\/\",\"logo\":{\"@type\":\"ImageObject\",\"inLanguage\":\"nl-NL\",\"@id\":\"https:\/\/infoquartiernord.be\/nl\/#\/schema\/logo\/image\/\",\"url\":\"https:\/\/infoquartiernord.be\/wp-content\/uploads\/2025\/04\/LOGO_CSN_InfoQuartierNord.png\",\"contentUrl\":\"https:\/\/infoquartiernord.be\/wp-content\/uploads\/2025\/04\/LOGO_CSN_InfoQuartierNord.png\",\"width\":2953,\"height\":1087,\"caption\":\"Info Quartier Nord\"},\"image\":{\"@id\":\"https:\/\/infoquartiernord.be\/nl\/#\/schema\/logo\/image\/\"}}]}<\/script>\n<!-- \/ Yoast SEO plugin. -->","yoast_head_json":{"title":"Jeunesse \u00e0 Bruxelles - Info quartier Nord","robots":{"index":"index","follow":"follow","max-snippet":"max-snippet:-1","max-image-preview":"max-image-preview:large","max-video-preview":"max-video-preview:-1"},"canonical":"https:\/\/infoquartiernord.be\/nl\/acteur\/jeunesse-a-bruxelles\/","og_locale":"nl_NL","og_type":"article","og_title":"Jeunesse \u00e0 Bruxelles - Info quartier Nord","og_description":"Jeunesse \u00e0 Bruxelles is een paracommunale die kampen, stages en vakanties biedt. Ze herbergt ook [&hellip;]","og_url":"https:\/\/infoquartiernord.be\/nl\/acteur\/jeunesse-a-bruxelles\/","og_site_name":"Info quartier Nord","article_modified_time":"2025-03-09T20:02:54+00:00","og_image":[{"width":2500,"height":1407,"url":"https:\/\/infoquartiernord.be\/wp-content\/uploads\/2025\/04\/banner-quartier_info-quartier-nord-SEO.png","type":"image\/png"}],"twitter_card":"summary_large_image","twitter_misc":{"Geschatte leestijd":"1 minuut"},"schema":{"@context":"https:\/\/schema.org","@graph":[{"@type":"WebPage","@id":"https:\/\/infoquartiernord.be\/nl\/acteur\/jeunesse-a-bruxelles\/","url":"https:\/\/infoquartiernord.be\/nl\/acteur\/jeunesse-a-bruxelles\/","name":"Jeunesse \u00e0 Bruxelles - Info quartier Nord","isPartOf":{"@id":"https:\/\/infoquartiernord.be\/nl\/#website"},"primaryImageOfPage":{"@id":"https:\/\/infoquartiernord.be\/nl\/acteur\/jeunesse-a-bruxelles\/#primaryimage"},"image":{"@id":"https:\/\/infoquartiernord.be\/nl\/acteur\/jeunesse-a-bruxelles\/#primaryimage"},"thumbnailUrl":"https:\/\/infoquartiernord.be\/wp-content\/uploads\/2025\/02\/Capture3.png","datePublished":"2025-02-24T19:35:01+00:00","dateModified":"2025-03-09T20:02:54+00:00","breadcrumb":{"@id":"https:\/\/infoquartiernord.be\/nl\/acteur\/jeunesse-a-bruxelles\/#breadcrumb"},"inLanguage":"nl-NL","potentialAction":[{"@type":"ReadAction","target":["https:\/\/infoquartiernord.be\/nl\/acteur\/jeunesse-a-bruxelles\/"]}]},{"@type":"ImageObject","inLanguage":"nl-NL","@id":"https:\/\/infoquartiernord.be\/nl\/acteur\/jeunesse-a-bruxelles\/#primaryimage","url":"https:\/\/infoquartiernord.be\/wp-content\/uploads\/2025\/02\/Capture3.png","contentUrl":"https:\/\/infoquartiernord.be\/wp-content\/uploads\/2025\/02\/Capture3.png","width":154,"height":226},{"@type":"BreadcrumbList","@id":"https:\/\/infoquartiernord.be\/nl\/acteur\/jeunesse-a-bruxelles\/#breadcrumb","itemListElement":[{"@type":"ListItem","position":1,"name":"Accueil","item":"https:\/\/infoquartiernord.be\/nl\/"},{"@type":"ListItem","position":2,"name":"Jeunesse \u00e0 Bruxelles"}]},{"@type":"WebSite","@id":"https:\/\/infoquartiernord.be\/nl\/#website","url":"https:\/\/infoquartiernord.be\/nl\/","name":"Info Quartier Nord","description":"","publisher":{"@id":"https:\/\/infoquartiernord.be\/nl\/#organization"},"alternateName":"Coordination Sociale Nord","potentialAction":[{"@type":"SearchAction","target":{"@type":"EntryPoint","urlTemplate":"https:\/\/infoquartiernord.be\/nl\/?s={search_term_string}"},"query-input":{"@type":"PropertyValueSpecification","valueRequired":true,"valueName":"search_term_string"}}],"inLanguage":"nl-NL"},{"@type":"Organization","@id":"https:\/\/infoquartiernord.be\/nl\/#organization","name":"Info Quartier Nord","alternateName":"Coordination Sociale Nord","url":"https:\/\/infoquartiernord.be\/nl\/","logo":{"@type":"ImageObject","inLanguage":"nl-NL","@id":"https:\/\/infoquartiernord.be\/nl\/#\/schema\/logo\/image\/","url":"https:\/\/infoquartiernord.be\/wp-content\/uploads\/2025\/04\/LOGO_CSN_InfoQuartierNord.png","contentUrl":"https:\/\/infoquartiernord.be\/wp-content\/uploads\/2025\/04\/LOGO_CSN_InfoQuartierNord.png","width":2953,"height":1087,"caption":"Info Quartier Nord"},"image":{"@id":"https:\/\/infoquartiernord.be\/nl\/#\/schema\/logo\/image\/"}}]}},"_links":{"self":[{"href":"https:\/\/infoquartiernord.be\/nl\/wp-json\/wp\/v2\/acteur\/507","targetHints":{"allow":["GET"]}}],"collection":[{"href":"https:\/\/infoquartiernord.be\/nl\/wp-json\/wp\/v2\/acteur"}],"about":[{"href":"https:\/\/infoquartiernord.be\/nl\/wp-json\/wp\/v2\/types\/acteur"}],"wp:featuredmedia":[{"embeddable":true,"href":"https:\/\/infoquartiernord.be\/nl\/wp-json\/wp\/v2\/media\/944"}],"wp:attachment":[{"href":"https:\/\/infoquartiernord.be\/nl\/wp-json\/wp\/v2\/media?parent=507"}],"wp:term":[{"taxonomy":"catactors","embeddable":true,"href":"https:\/\/infoquartiernord.be\/nl\/wp-json\/wp\/v2\/catactors?post=507"}],"curies":[{"name":"wp","href":"https:\/\/api.w.org\/{rel}","templated":true}]}}

Jeunesse à Bruxelles

<p>Jeunesse à Bruxelles is een paracommunale die kampen, stages en vakanties biedt. Ze herbergt ook de coördinaties ATL, Centrum Carter evenals de coördinatie van de sociale cohesieprojecten van de Stad Brussel (Cocof/volet local).</p>

<!-- This site is optimized with the Yoast SEO plugin v26.7 - https://yoast.com/wordpress/plugins/seo/ -->
<title>Jeunesse à Bruxelles - Info quartier Nord</title>
<meta name="robots" content="index, follow, max-snippet:-1, max-image-preview:large, max-video-preview:-1" />
<link rel="canonical" href="https://infoquartiernord.be/nl/acteur/jeunesse-a-bruxelles/" />
<meta property="og:locale" content="nl_NL" />
<meta property="og:type" content="article" />
<meta property="og:title" content="Jeunesse à Bruxelles - Info quartier Nord" />
<meta property="og:description" content="Jeunesse à Bruxelles is een paracommunale die kampen, stages en vakanties biedt. Ze herbergt ook [&hellip;]" />
<meta property="og:url" content="https://infoquartiernord.be/nl/acteur/jeunesse-a-bruxelles/" />
<meta property="og:site_name" content="Info quartier Nord" />
<meta property="article:modified_time" content="2025-03-09T20:02:54+00:00" />
<meta property="og:image" content="https://infoquartiernord.be/wp-content/uploads/2025/04/banner-quartier_info-quartier-nord-SEO.png" />
	<meta property="og:image:width" content="2500" />
	<meta property="og:image:height" content="1407" />
	<meta property="og:image:type" content="image/png" />
<meta name="twitter:card" content="summary_large_image" />
<meta name="twitter:label1" content="Geschatte leestijd" />
	<meta name="twitter:data1" content="1 minuut" />
<script type="application/ld+json" class="yoast-schema-graph">{"@context":"https://schema.org","@graph":[{"@type":"WebPage","@id":"https://infoquartiernord.be/nl/acteur/jeunesse-a-bruxelles/","url":"https://infoquartiernord.be/nl/acteur/jeunesse-a-bruxelles/","name":"Jeunesse à Bruxelles - Info quartier Nord","isPartOf":{"@id":"https://infoquartiernord.be/nl/#website"},"primaryImageOfPage":{"@id":"https://infoquartiernord.be/nl/acteur/jeunesse-a-bruxelles/#primaryimage"},"image":{"@id":"https://infoquartiernord.be/nl/acteur/jeunesse-a-bruxelles/#primaryimage"},"thumbnailUrl":"https://infoquartiernord.be/wp-content/uploads/2025/02/Capture3.png","datePublished":"2025-02-24T19:35:01+00:00","dateModified":"2025-03-09T20:02:54+00:00","breadcrumb":{"@id":"https://infoquartiernord.be/nl/acteur/jeunesse-a-bruxelles/#breadcrumb"},"inLanguage":"nl-NL","potentialAction":[{"@type":"ReadAction","target":["https://infoquartiernord.be/nl/acteur/jeunesse-a-bruxelles/"]}]},{"@type":"ImageObject","inLanguage":"nl-NL","@id":"https://infoquartiernord.be/nl/acteur/jeunesse-a-bruxelles/#primaryimage","url":"https://infoquartiernord.be/wp-content/uploads/2025/02/Capture3.png","contentUrl":"https://infoquartiernord.be/wp-content/uploads/2025/02/Capture3.png","width":154,"height":226},{"@type":"BreadcrumbList","@id":"https://infoquartiernord.be/nl/acteur/jeunesse-a-bruxelles/#breadcrumb","itemListElement":[{"@type":"ListItem","position":1,"name":"Accueil","item":"https://infoquartiernord.be/nl/"},{"@type":"ListItem","position":2,"name":"Jeunesse à Bruxelles"}]},{"@type":"WebSite","@id":"https://infoquartiernord.be/nl/#website","url":"https://infoquartiernord.be/nl/","name":"Info Quartier Nord","description":"","publisher":{"@id":"https://infoquartiernord.be/nl/#organization"},"alternateName":"Coordination Sociale Nord","potentialAction":[{"@type":"SearchAction","target":{"@type":"EntryPoint","urlTemplate":"https://infoquartiernord.be/nl/?s={search_term_string}"},"query-input":{"@type":"PropertyValueSpecification","valueRequired":true,"valueName":"search_term_string"}}],"inLanguage":"nl-NL"},{"@type":"Organization","@id":"https://infoquartiernord.be/nl/#organization","name":"Info Quartier Nord","alternateName":"Coordination Sociale Nord","url":"https://infoquartiernord.be/nl/","logo":{"@type":"ImageObject","inLanguage":"nl-NL","@id":"https://infoquartiernord.be/nl/#/schema/logo/image/","url":"https://infoquartiernord.be/wp-content/uploads/2025/04/LOGO_CSN_InfoQuartierNord.png","contentUrl":"https://infoquartiernord.be/wp-content/uploads/2025/04/LOGO_CSN_InfoQuartierNord.png","width":2953,"height":1087,"caption":"Info Quartier Nord"},"image":{"@id":"https://infoquartiernord.be/nl/#/schema/logo/image/"}}]}</script>
<!-- / Yoast SEO plugin. -->

Jeunesse à Bruxelles - Info quartier Nord

Jeunesse à Bruxelles is een paracommunale die kampen, stages en vakanties biedt. Ze herbergt ook [&hellip;]
